be the second derivative of -k**3/2 - 3*k**2/2 - k. What is the units digit of w(z)?
5
Let h be -3*(2 - 78/9). Suppose 0 = 2*b + 2*b - h. Suppose 0*z - 2*z = -3*q + 9, 0 = -b*z + 15. What is the units digit of q?
5
Suppose -3*n + 36 = 3*l, 5*n + 2 = 4*n. Let y = l + -1. What is the units digit of y?
3
Let y = 55 + -14. What is the tens digit of y?
4
Suppose -2*t = -7*t + 375. What is the units digit of t?
5
Suppose 6 = 3*y + 4*a, -3*a = -2*y + 5*y - 3. Let c be ((-10)/4)/(1/y). Suppose 0 = f - c - 5. What is the tens digit of f?
1
Let h(u) = -4*u**2 + u + 2. Let d(v) = -v**3 + 5*v**2 - v - 2. Let k(q) = -2*d(q) - 3*h(q). Let o be k(-2). Let t(n) = -2*n - 5. What is the tens digit of t(o)?
1
Let k = 30 + -26. Suppose 3*f = k*n + 105, f - 3*f - 3*n = -87. What is the units digit of f?
9
Suppose -4*o + 3*t + 87 = 0, -4*o + 38 = -2*o + 4*t. What is the units digit of o?
1
Let f(s) = s**2 + 4*s - 4. Let q be f(-6). What is the tens digit of 242/q + (-7)/28?
3
Let l = 17 - -30. What is the units digit of l?
7
What is the units digit of 16/(-56) + 51/7?
7
Suppose -3*g = -0*g. Let z = 10 + g. What is the tens digit of z?
1
Suppose 3*w + w = -20, 2*w = -4*q + 190. What is the units digit of q?
0
Let j = 79 + -47. Let g be j/5 - 8/20. Let v = g + 1. What is the units digit of v?
7
Let h(t) = t**3 + 7*t**2 + t - 7. What is the units digit of h(-5)?
8
Let o = 8 - 9. Let r = 6 + -4. What is the units digit of (-2)/(-2) + (r - o)?
4
Suppose 9*n - 4*n - 5 = 0. Let h be 1/(-1) + (-7)/n. Let u(v) = -v + 3. What is the units digit of u(h)?
1
Let a = -39 - -315. What is the units digit of a?
6
Suppose 38 = 3*g - 70. What is the tens digit of g?
3
Suppose -2*q = -2*b + q - 6, -2*b - 4 = -2*q. Let r = 2 + 3. Suppose r*i + b*i - 20 = 0. What is the units digit of i?
4
Suppose -3*s = -71 + 23. Suppose j - s + 2 = 0. Suppose g + j = -5*v, v + 9 = g - 1. What is the units digit of g?
6
Let s be (-3 - -2)/((-3)/6). Suppose 3*l + s*l + 15 = 0, 4*l + 8 = -c. What is the units digit of (-3)/(-6)*c - -6?
8
Suppose -2*r + 22 = 8. Let b(v) = -v - 7. Let u be b(-6). What is the units digit of -4 + (1 - u) + r?
5
Let m = -6 - -6. What is the units digit of m + 2 + 1*4?
6
Let b(s) = 5*s**2 - 11*s - 4. Let v(j) = 4*j**2 - 10*j - 3. Let y(d) = 3*b(d) - 4*v(d). Let f = -8 + 14. What is the units digit of y(f)?
6
Let q(m) = -2*m + 1. Let g be q(-3). Let h be (-21)/(-28) + (-99)/(-12). Suppose -h - g = -t. What is the tens digit of t?
1
Let b(d) = -2*d**3 - d**2 - 3*d - 3. Let w be b(-2). Let l be ((-39)/w + 2)*-5. Suppose 2*g = -l*q, 3*g - 3*q = 3 + 27. What is the units digit of g?
6
Let h be ((-8)/3)/(4/(-30)). Let f = -3 - -5. Suppose b + f*g + 16 = -3*g, h = b - 4*g. What is the units digit of b?
4
Suppose -5*k = 4*a + 1, -2*k + k - 5*a + 4 = 0. Let o be (1 - 0)*(k - 0). Let v = 9 + o. What is the units digit of v?
8
Suppose 5*u + 2 = 3*u - 4*s, -3*s = 3*u - 6. What is the units digit of u?
5
Let k(j) = j**2 - 7*j + 4. Let r be k(3). What is the units digit of (-12 - -17)*r/(-10)?
4
Let x be -1 - (0 + (-2)/(-2)). What is the units digit of (-1 - x)*36/3?
2
Let s = 172 + -169. Let u be (-1 - -2)/((-1)/(-17)). Let n = u - s. What is the tens digit of n?
1
Let g = 160 - 102. What is the tens digit of g?
5
Suppose 0*f + 5 = f. Suppose a = -2*p - 6, 0 = -5*a + f*p - p + 40. What is the units digit of a?
4
Suppose -2*z + 0*v - 3*v = -19, 5*z + 5*v = 55. Suppose j = z - 3. What is the units digit of j?
1
Let y be (-6)/3 - 7*-1. Suppose -5*q - 3*b = -q - 14, -5*b - y = q. Let l(z) = -z**2 + 7*z - 2. What is the units digit of l(q)?
8
Let g(t) = -t**3 - 16*t**2 + 3*t - 28. What is the hundreds digit of g(-17)?
2
Let j = 14 - 8. Let h = 6 + j. What is the tens digit of h?
1
Suppose 2*h - 2*x - 24 = 36, 0 = 3*h + x - 82. Let z = h - 9. What is the units digit of z?
9
Suppose 0*n - 4*n = 0. Let i = 13 - n. What is the tens digit of i?
1
Suppose y + 14 = 1. Let g = y + 9. Let i = 0 - g. What is the units digit of i?
4
Let t be 52/16 - (-3)/4. Suppose -5*b - 5*m + t*m = -19, 2*m = 8. What is the units digit of b?
3
Let c(h) = -h + 24. What is the tens digit of c(0)?
2
Suppose 5*a + 5*r = 250, -4*a - 29 = 3*r - 234. What is the units digit of a?
5
Suppose 5*x - 322 = 78. What is the tens digit of x?
8
Suppose -l + 2*a + 152 = -124, -3*l + 4*a + 836 = 0. What is the units digit of 6/(-9) + l/12?
3
Suppose 0 = 2*u + u - 207. What is the units digit of u?
9
What is the units digit of 316/16 + (-2)/(-8)?
0
Let c(l) = -l - 1. Let g(a) = 9*a - 8. Let y(n) = -n - 1. Let t(w) = -g(w) + 5*y(w). Let j(z) = 3*c(z) + t(z). What is the tens digit of j(-1)?
1
Let r = 3 - 3. Let d = r + 5. Suppose 4*s + 21 = d*s + 5*u, -u - 31 = -3*s. What is the tens digit of s?
1
Let u(v) = v**3 + 1. Suppose -m = -2*q - 10, 3*q = -5*m - 0*m - 2. Let s be u(m). Suppose -4*j = -s*j + 5. What is the units digit of j?
1
Let s(r) = -r**2 - 14*r - 5. Let q be s(-9). Suppose -q = -4*x - x. Let m = 5 + x. What is the units digit of m?
3
Let l = -5 + 7. Suppose -2*m - o = -5*m + 15, 5*m - 25 = l*o. What is the units digit of m?
5
Let w = 3 - -2. Suppose -5*j + w = -30. What is the units digit of j?
7
Let g = -151 + 338. What is the hundreds digit of g?
1
Let z = -14 + 18. Suppose 2*k = -4*w + 182 + z, 0 = 2*w + 5*k - 105. What is the units digit of w?
5
Let i(z) = 7*z**3 - 2*z - 2. Let c be i(-2). Let q = -35 - c. What is the tens digit of q?
1
What is the hundreds digit of 1290/7 - 6/21?
1
What is the units digit of 1905/21 - (-6)/21?
1
Let q(z) = 2*z**3 - 3*z**2 + 2*z + 1. Let a be q(2). Let u = -6 + a. Suppose -u - 15 = -2*l. What is the units digit of l?
9
Let z(u) = -11*u**3 - 8*u**2 - 3*u - 21. Let g(k) = 7*k**3 + k + 3*k**2 + 10 - 2*k**3 + k**2. Let t(v) = -9*g(v) - 4*z(v). What is the units digit of t(-5)?
4
Let y = -18 + 12. What is the tens digit of (y + -1)/(2/(-4))?
1
Let x = 15 - 17. Let h(w) = w**3 - 2*w**2 - 2*w + 3. Let p be h(3). Let s = p - x. What is the units digit of s?
8
Let d = -17 + 26. What is the units digit of d?
9
Let o(n) = -11*n**2 + 5*n + 14. Let j(p) = 4*p**2 - 2*p - 5. Let g(i) = -8*j(i) - 3*o(i). What is the units digit of g(-3)?
4
Let f = 2 - 0. What is the units digit of f?
2
Let i = 480 - 291. What is the hundreds digit of i?
1
Let a(s) be the second derivative of s**4/12 + 3*s**3/2 - 2*s**2 - s. What is the units digit of a(-10)?
6
Let t(h) be the third derivative of -h**6/120 - 3*h**5/20 - h**4/24 + 3*h**3/2 + 4*h**2. What is the tens digit of t(-9)?
1
Let s be (-10)/4*(11 + -1). Let p = 42 + s. What is the units digit of p?
7
Suppose -2*m + 7*m = -185. Let k = m + 56. What is the tens digit of k?
1
Let d be (216/(-16))/((-1)/(-2)). Let t = -7 - d. What is the units digit of t?
0
Suppose 277 = 2*i - 9. What is the hundreds digit of i?
1
What is the tens digit of 42*1 - (-7)/(-7)?
4
Let d(l) = l**2 - 10*l + 16. What is the units digit of d(10)?
6
Suppose -117 = -14*r + 2221. What is the tens digit of r?
6
Let n(r) = r**2 - 4*r - 10. Let t be n(7). Suppose -x = -t + 32. What is the units digit of 7*(2 - (-24)/x)?
6
Suppose 4*m - 221 = -1. What is the tens digit of 1420/m - (-4)/22?
2
Suppose -22 = -2*t - 2. Suppose 0 = -5*g + 5*n + t, -2*n = 5*g - n - 40. What is the units digit of g?
7
Let s be -89 - (3/(-1))/(-1). Let o be (s/(-6))/((-2)/(-3)). Suppose 3*l + o - 7 = 5*n, 2*n - 3*l - 1 = 0. What is the units digit of n?
5
Let c be (-1 + 21)*(-3)/(-12). Suppose z - 14 = -l, -4*z = c*l + 14 - 74. What is the units digit of z?
0
Let o(a) = a**2 + 3*a + 2. Let x be o(4). Let f = -18 + x. Let t = -2 + f. What is the tens digit of t?
1
Let r(d) = d**3 - d**2 - 3*d - 3. Let a be r(3). What is the units digit of (a/(-5))/(8/(-20))?
3
Let o be -4 - 17*3/3. What is the tens digit of (-6)/o - (-225)/21?
1
Suppose 0 = -4*d + 421 - 109. Suppose -5*v = 4*h + 22 - d, -v = h - 15. What is the units digit of h?
9
Let r be ((-3)/2)/(5/10) - -6. Suppose k = -2*k + 36. Let w = k - r. What is the units digit of w?
9
Suppose 2*i - 1 + 9 = 0. Let s be 1 - i - (0 + 1). Suppose 29 = s*j + 5*w, 0 = 3*j - 0*w + w - 8. What is the units digit of j?
1
Let n = -5 - -80. What is the units digit of n?
5
Let b(v) = v**2 - 3*v + 4. Let a be b(3). Suppose h = -2*h + 3*m + 45, 3*h = -a*m + 24. What is the tens digit of h?
1